{"id":1604,"date":"2014-05-14T12:19:53","date_gmt":"2014-05-14T11:19:53","guid":{"rendered":"http:\/\/www.teleciguena.com\/blog\/?page_id=1604"},"modified":"2023-02-07T10:04:37","modified_gmt":"2023-02-07T09:04:37","slug":"canastillas-hospital","status":"publish","type":"page","link":"https:\/\/www.bebedeparis.com\/blog\/canastillas-hospital\/","title":{"rendered":"Canastillas Hospital"},"content":{"rendered":"<div id=\"pl-1604\"  class=\"panel-layout\">\n<div id=\"pg-1604-0\"  class=\"panel-grid panel-no-style\">\n<div id=\"pgc-1604-0-0\"  class=\"panel-grid-cell\"  data-weight=\"1\">\n<div id=\"panel-1604-0-0-0\" class=\"so-panel widget widget_sow-editor panel-first-child panel-last-child\" data-index=\"0\" data-style=\"{&quot;background_image_attachment&quot;:false,&quot;background_display&quot;:&quot;tile&quot;}\">\n<div class=\"so-widget-sow-editor so-widget-sow-editor-base\">\n<div class=\"siteorigin-widget-tinymce textwidget\">\n<p>&nbsp;<\/p>\n<h3><strong><span style=\"color: #7aa3cc;\">\u00bfC\u00f3mo preparar la canastilla del hospital para el Beb\u00e9 y para Mam\u00e1?<\/span><\/strong><\/h3>\n<p>\u00bfVas a ser Mam\u00e1 y necesitas ayuda con la canastilla del beb\u00e9 y la tuya? \u00a1No te preocupes! Desde <strong><span style=\"color: #7aa3cc;\">Bebedeparis<\/span><\/strong> estamos encantados de facilitarte todo aquello que necesitas para vuestra estancia en el hospital.<\/p>\n<p style=\"text-align: center;\">\n<div>\n<h3><span style=\"color: #7aa3cc;\">\u00bfQu\u00e9 has de tener en cuenta para la Canastilla del Beb\u00e9?<\/span><\/h3>\n<p><strong>1.<\/strong> Recuerda tener tu <strong>canastilla para el hospital<\/strong> preparada con un mes de antelaci\u00f3n, y toda la documentaci\u00f3n necesaria a mano para el ingreso en la cl\u00ednica.<\/p>\n<p><strong>2.<\/strong> La estancia en el hospital suele ser de 2 a 3 d\u00edas si es parto normal; y de 4 a 5 si es por ces\u00e1rea. M\u00ednimo has de tener preparadas dos mudas por d\u00eda para el beb\u00e9.<\/p>\n<p><strong>3.<\/strong> Es importante que toda <strong>la ropita del beb\u00e9 sea de algod\u00f3n, perl\u00e9 o batista<\/strong> y la hayas lavado previamente con jab\u00f3n neutro,adem\u00e1s de quitarle las etiquetas. Opta siempre por autom\u00e1ticos o velcro, evitando las cremalleras,lazos y botones en la ropita del beb\u00e9.<\/p>\n<p><strong>4.<\/strong> Es aconsejable tener <strong>organizadas las mudas del beb\u00e9 por d\u00edas y en bolsitas<\/strong>. As\u00ed el personal m\u00e9dico sabr\u00e1 perfectamente como quieres que vaya vestido tu beb\u00e9 cada d\u00eda.<\/p>\n<p>A continuaci\u00f3n te ofrecemos un listado detallado de la ropita,complementos y accesorios que necesitar\u00e1s tener en cuenta a la hora de preparar o completar m\u00e1s si cabe tu canastilla para el hospital para el beb\u00e9:<\/p>\n<p style=\"text-align: left;\">\n<p>&nbsp;<\/p>\n<h3><span style=\"color: #7aa3cc;\">Y para ti, Mam\u00e1 \u00bfqu\u00e9 necesitar\u00e1s?<\/span><\/h3>\n<ul>\n<li>Camisones con abertura delantera.<\/li>\n<li>Sujetadores de lactancia.<\/li>\n<li>Braguitas desechables.<\/li>\n<li>Calcetines.<\/li>\n<li>Bata y zapatillas.<\/li>\n<li>Faja postparto si es necesaria o recomendada por el m\u00e9dico<\/li>\n<li>Conjunto c\u00f3modo y amplio para la salida del hospital<\/li>\n<li>Discos de lactancia<\/li>\n<li>Gel de ba\u00f1o y champ\u00fa<\/li>\n<li>Cepillo y pasta de dientes<\/li>\n<li>Calcetines<\/li>\n<li>Cepillo o peine para el pelo<\/li>\n<li>Colonia y maquillaje si se desea estar siempre bien guapa<\/li>\n<\/ul>\n<p>&nbsp;<\/p>\n<p>Como en <strong><span style=\"color: #7ac3cc;\">Bebedeparis<\/span><\/strong> pensamos en todo, hemos preparado una l\u00ednea especial de <strong>Canastillas Post Hospital<\/strong> con todas las cositas necesarias para los primeros meses de vida del beb\u00e9, \u00a1esperamos que os gusten!<\/p>\n<p>&nbsp;<\/p>\n<p>&nbsp;<\/p>\n<p>&nbsp;<\/p>\n<\/div>\n<\/div>\n<\/div>\n<\/div>\n<\/div>\n<\/div>\n<\/div>\n","protected":false},"excerpt":{"rendered":"<p>&nbsp; \u00bfC\u00f3mo preparar la canastilla del hospital para el Beb\u00e9 y para Mam\u00e1? \u00bfVas a ser Mam\u00e1 y necesitas ayuda con la canastilla del beb\u00e9 y la tuya? \u00a1No te preocupes! Desde Bebedeparis estamos encantados de facilitarte todo aquello que necesitas para vuestra estancia en el hospital. \u00bfQu\u00e9 has de tener en cuenta para la&#8230;<\/p>\n","protected":false},"author":1,"featured_media":1719,"parent":0,"menu_order":0,"comment_status":"open","ping_status":"open","template":"","meta":{"om_disable_all_campaigns":false,"_monsterinsights_skip_tracking":false,"_monsterinsights_sitenote_active":false,"_monsterinsights_sitenote_note":"","_monsterinsights_sitenote_category":0,"footnotes":""},"class_list":["post-1604","page","type-page","status-publish","has-post-thumbnail","hentry"],"aioseo_notices":[],"_links":{"self":[{"href":"https:\/\/www.bebedeparis.com\/blog\/wp-json\/wp\/v2\/pages\/1604","targetHints":{"allow":["GET"]}}],"collection":[{"href":"https:\/\/www.bebedeparis.com\/blog\/wp-json\/wp\/v2\/pages"}],"about":[{"href":"https:\/\/www.bebedeparis.com\/blog\/wp-json\/wp\/v2\/types\/page"}],"author":[{"embeddable":true,"href":"https:\/\/www.bebedeparis.com\/blog\/wp-json\/wp\/v2\/users\/1"}],"replies":[{"embeddable":true,"href":"https:\/\/www.bebedeparis.com\/blog\/wp-json\/wp\/v2\/comments?post=1604"}],"version-history":[{"count":10,"href":"https:\/\/www.bebedeparis.com\/blog\/wp-json\/wp\/v2\/pages\/1604\/revisions"}],"predecessor-version":[{"id":6142,"href":"https:\/\/www.bebedeparis.com\/blog\/wp-json\/wp\/v2\/pages\/1604\/revisions\/6142"}],"wp:featuredmedia":[{"embeddable":true,"href":"https:\/\/www.bebedeparis.com\/blog\/wp-json\/wp\/v2\/media\/1719"}],"wp:attachment":[{"href":"https:\/\/www.bebedeparis.com\/blog\/wp-json\/wp\/v2\/media?parent=1604"}],"curies":[{"name":"wp","href":"https:\/\/api.w.org\/{rel}","templated":true}]}}